.
1291
List the prime factors of 1845.
3, 5, 41
What are the prime factors of 1619?
1619
What are the prime factors of 25898?
2, 23, 563
List the prime factors of 2150.
2, 5, 43
What are the prime factors of 4692?
2, 3, 17, 23
List the prime factors of 4230.
2, 3, 5, 47
What are the prime factors of 40565?
5, 7, 19, 61
What are the prime factors of 24760?
2, 5, 619
What are the prime factors of 26210?
2, 5, 2621
List the prime factors of 23590.
2, 5, 7, 337
List the prime factors of 7642.
2, 3821
List the prime factors of 924.
2, 3, 7, 11
What are the prime factors of 4140?
2, 3, 5, 23
What are the prime factors of 46943?
13, 23, 157
List the prime factors of 1020.
2, 3, 5, 17
What are the prime factors of 23338?
2, 7, 1667
List the prime factors of 10132.
2, 17, 149
List the prime factors of 69226.
2, 34613
List the prime factors of 1371.
3, 457
What are the prime factors of 8081?
8081
What are the prime factors of 34807?
34807
List the prime factors of 3047.
11, 277
List the prime factors of 388.
2, 97
What are the prime factors of 7?
7
List the prime factors of 1108.
2, 277
List the prime factors of 694.
2, 347
List the prime factors of 11781.
3, 7, 11, 17
What are the prime factors of 218?
2, 109
List the prime factors of 6529.
6529
What are the prime factors of 17105?
5, 11, 311
List the prime factors of 7338.
2, 3, 1223
List the prime factors of 31749.
3, 19, 557
List the prime factors of 3547.
3547
List the prime factors of 22416.
2, 3, 467
List the prime factors of 39740.
2, 5, 1987
List the prime factors of 1775.
5, 71
List the prime factors of 42143.
17, 37, 67
What are the prime factors of 1513?
17, 89
List the prime factors of 371.
7, 53
What are the prime factors of 417?
3, 139
List the prime factors of 1785.
3, 5, 7, 17
What are the prime factors of 13144?
2, 31, 53
List the prime factors of 5927.
5927
List the prime factors of 380.
2, 5, 19
What are the prime factors of 83577?
3, 13, 2143
What are the prime factors of 11161?
11161
What are the prime factors of 12082?
2, 7, 863
What are the prime factors of 80826?
2, 3, 19, 709
What are the prime factors of 40096?
2, 7, 179
List the prime factors of 978.
2, 3, 163
List the prime factors of 174.
2, 3, 29
List the prime factors of 25483.
17, 1499
What are the prime factors of 5906?
2, 2953
List the prime factors of 1731.
3, 577
List the prime factors of 98829.
3, 79, 139
List the prime factors of 1100.
2, 5, 11
List the prime factors of 27.
3
What are the prime factors of 70519?
97, 727
List the prime factors of 2446.
2, 1223
List the prime factors of 2693.
2693
What are the prime factors of 75834?
2, 3, 11, 383
List the prime factors of 117147.
3, 17, 2297
List the prime factors of 302.
2, 151
List the prime factors of 1084.
2, 271
List the prime factors of 711.
3, 79
List the prime factors of 2967.
3, 23, 43
What are the prime factors of 45861?
3, 15287
What are the prime factors of 369?
3, 41
What are the prime factors of 2907?
3, 17, 19
What are the prime factors of 1238?
2, 619
What are the prime factors of 2298?
2, 3, 383
List the prime factors of 442.
2, 13, 17
What are the prime factors of 50838?
2, 3, 37, 229
What are the prime factors of 142170?
2, 3, 5, 7, 677
List the prime factors of 28869.
3, 9623
List the prime factors of 22835.
5, 4567
What are the prime factors of 303?
3, 101
List the prime factors of 36692.
2, 9173
List the prime factors of 4493.
4493
What are the prime factors of 139848?
2, 3, 5827
List the prime factors of 33324.
2, 3, 2777
List the prime factors of 13909.
7, 1987
List the prime factors of 85515.
3, 5, 5701
List the prime factors of 12446.
2, 7, 127
What are the prime factors of 2290?
2, 5, 229
What are the prime factors of 1023?
3, 11, 31
List the prime factors of 1539.
3, 19
What are the prime factors of 430?
2, 5, 43
List the prime factors of 85.
5, 17
List the prime factors of 1892.
2, 11, 43
What are the prime factors of 60768?
2, 3, 211
What are the prime factors of 48350?
2, 5, 967
List the prime factors of 6046.
2, 3023
What are the prime factors of 19116?
2, 3, 59
What are the prime factors of 18004?
2, 7, 643
What are the prime factors of 1933?
1933
What are the prime factors of 3902?
2, 1951
List the prime factors of 1934.
2, 967
List the prime factors of 112.
2, 7
What are the prime factors of 3397?
43, 79
What are the prime factors of 1846?
2, 13, 71
List the prime factors of 124044.
2, 3, 10337
What are the prime factors of 10255?
5, 7, 293
List the prime factors of 70168.
2, 7, 179
What are the prime factors of 12996?
2, 3, 19
What are the prime factors of 5722?
2, 2861
What are the prime factors of 3526?
2, 41, 43
List the prime factors of 1492.
2, 373
What are the prime factors of 7066?
2, 3533
What are the prime factors of 1291?
1291
What are the prime factors of 2281?
2281
What are the prime factors of 2392?
2, 13, 23
What are the prime factors of 102789?
3, 47
What are the prime factors of 16708?
2, 4177
What are the prime factors of 12495?
3, 5, 7, 17
List the prime factors of 1452.
2, 3, 11
List the prime factors of 1126.
2, 563
What are the prime factors of 457?
457
What are the prime factors of 11954?
2, 43, 139
List the prime factors of 7609.
7, 1087
List the prime factors of 550.
2, 5, 11
What are the prime factors of 6818?
2, 7, 487
What are the prime factors of 6709?
6709
List the prime factors of 1034.
2, 11, 47
What are the prime factors of 81?
3
List the prime factors of 18739.
7, 2677
What are the prime factors of 18386?
2, 29, 317
List the prime factors of 1749.
3, 11, 53
What are the prime factors of 82458?
2, 3, 509
List the prime factors of 10707.
3, 43, 83
What are the prime factors of 3725?
5, 149
List the prime factors of 644.
2, 7, 23
What are the prime factors of 1006?
2, 503
What are the prime factors of 16313?
11, 1483
What are the prime factors of 1331?
11
What are the prime factors of 41033?
37, 1109
What are the prime factors of 1530?
2, 3, 5, 17
List the prime factors of 3584.
2, 7
List the prime factors of 1301.
1301
What are the prime factors of 12799?
12799
What are the prime factors of 5109?
3, 13, 131
List the prime factors of 57758.
2, 28879
What are the prime factors of 3180?
2, 3, 5, 53
List the prime factors of 63.
3, 7
List the prime factors of 50060.
2, 5, 2503
List the prime factors of 3494.
2, 1747
What are the prime factors of 6713?
7, 137
What are the prime factors of 528?
2, 3, 11
What are the prime factors of 15362?
2, 7681
What are the prime factors of 61514?
2, 30757
List the prime factors of 2880.
2, 3, 5
What are the prime factors of 6279?
3, 7, 13, 23
What are the prime factors of 17391?
3, 11, 17, 31
List the prime factors of 9391.
9391
What are the prime factors of 2269?
2269
List the prime factors of 215.
5, 43
What are the prime factors of 50979?
3, 16993
List the prime factors of 4254.
2, 3, 709
List the prime factors of 1630.
2, 5, 163
What are the prime factors of 1497?
3, 499
What are the prime factors of 119917?
7, 37, 463
List the prime factors of 22685.
5, 13, 349
What are the prime factors of 4412?
2, 1103
List the prime factors of 1241.
17, 73
List the prime factors of 31897.
167, 191
List the prime factors of 7314.
2, 3, 23, 53
What are the prime factors of 793?
13, 61
What are the prime factors of 775?
5, 31
List the prime factors of 35035.
5, 7, 11, 13
What are the prime factors of 2929?
29, 101
List the prime factors of 1510.
2, 5, 151
What are the prime factors of 860?
2, 5, 43
List the prime factors of 5290.
2, 5, 23
What are the prime factors of 6133?
6133
What are the prime factors of 5232?
2, 3, 109
List the prime factors of 647.
647
List the prime factors of 1171.
1171
List the prime factors of 161.
7, 23
List the prime factors of 1389.
3, 463
What are the prime factors of 67298?
2, 7, 11, 19, 23
What are the prime factors of 1197?
3, 7, 19
What are the prime factors of 15479?
23, 673
List the prime factors of 1152.
2, 3
What are the prime factors of 1247?
29, 43
What are the prime factors of 2222?
2, 11, 101
List the prime factors of 43105.
5, 37, 233
What are the prime factors of 2432?
2, 19
What are the prime factors of 3122?
2, 7, 223
List the prime factors of 58107.
3, 7, 2767
List the prime factors of 199116.
2, 3, 5531
List the prime factors o